{"id":15942,"date":"2025-10-21T11:32:25","date_gmt":"2025-10-21T09:32:25","guid":{"rendered":"https:\/\/lineup-solutions.fr\/?page_id=15942"},"modified":"2025-10-21T12:13:15","modified_gmt":"2025-10-21T10:13:15","slug":"bornes-interactives-de-commande","status":"publish","type":"page","link":"https:\/\/lineup-solutions.fr\/index.php\/bornes-interactives-de-commande\/","title":{"rendered":"Bornes interactives de commande"},"content":{"rendered":"\t\t<div data-elementor-type=\"wp-page\" data-elementor-id=\"15942\" class=\"elementor elementor-15942\">\n\t\t\t\t<div class=\"elementor-element elementor-element-dd0c1c4 wd-section-stretch e-flex e-con-boxed e-con e-parent\" data-id=\"dd0c1c4\" data-element_type=\"container\" data-settings=\"{&quot;background_background&quot;:&quot;classic&quot;}\">\n\t\t\t\t\t<div class=\"e-con-inner\">\n\t\t\t\t<div class=\"elementor-element elementor-element-a95d5f4 elementor-widget__width-initial elementor-widget-tablet__width-inherit wd-width-100 elementor-widget elementor-widget-wd_title\" data-id=\"a95d5f4\" data-element_type=\"widget\" data-widget_type=\"wd_title.default\">\n\t\t\t\t<div class=\"elementor-widget-container\">\n\t\t\t\t\t\t\t<div class=\"title-wrapper set-mb-s reset-last-child wd-title-color-primary wd-title-style-default wd-title-size-large text-center\">\n\n\t\t\t\t\t\t\t<div class=\"title-subtitle subtitle-color-primary subtitle-style-default wd-fontsize-xs\">\n\t\t\t\t\tBornes interactives de commande\t\t\t\t<\/div>\n\t\t\t\n\t\t\t<div class=\"liner-continer\">\n\t\t\t\t<h4 class=\"woodmart-title-container title wd-fontsize-xxl\">Bornes tactiles destin\u00e9es \u00e0 la restauration rapide : optimisez la prise de commande !<br \/>\n<\/h4> \n\t\t\t\t\t\t\t<\/div>\n\n\t\t\t\t\t<\/div>\n\t\t\t\t\t\t<\/div>\n\t\t\t\t<\/div>\n\t\t\t\t\t<\/div>\n\t\t\t\t<\/div>\n\t\t<div class=\"elementor-element elementor-element-2de222f e-flex e-con-boxed e-con e-parent\" data-id=\"2de222f\" data-element_type=\"container\">\n\t\t\t\t\t<div class=\"e-con-inner\">\n\t\t<div class=\"elementor-element elementor-element-ac5fba2 e-con-full e-flex e-con e-child\" data-id=\"ac5fba2\" data-element_type=\"container\">\n\t\t\t\t<div class=\"elementor-element elementor-element-7a6efdf elementor-widget elementor-widget-wd_image_or_svg\" data-id=\"7a6efdf\" data-element_type=\"widget\" data-widget_type=\"wd_image_or_svg.default\">\n\t\t\t\t<div class=\"elementor-widget-container\">\n\t\t\t\t\t\n\t\t<div class=\"wd-image text-left\">\n\t\t\t\t\t\t\t\t<img fetchpriority=\"high\" decoding=\"async\" width=\"884\" height=\"884\" src=\"https:\/\/lineup-solutions.fr\/wp-content\/uploads\/2025\/10\/Borne-interactive.png\" class=\"attachment-full size-full\" alt=\"\" srcset=\"https:\/\/lineup-solutions.fr\/wp-content\/uploads\/2025\/10\/Borne-interactive.png 884w, https:\/\/lineup-solutions.fr\/wp-content\/uploads\/2025\/10\/Borne-interactive-300x300.png 300w, https:\/\/lineup-solutions.fr\/wp-content\/uploads\/2025\/10\/Borne-interactive-800x800.png 800w, https:\/\/lineup-solutions.fr\/wp-content\/uploads\/2025\/10\/Borne-interactive-150x150.png 150w, https:\/\/lineup-solutions.fr\/wp-content\/uploads\/2025\/10\/Borne-interactive-768x768.png 768w, https:\/\/lineup-solutions.fr\/wp-content\/uploads\/2025\/10\/Borne-interactive-860x860.png 860w, https:\/\/lineup-solutions.fr\/wp-content\/uploads\/2025\/10\/Borne-interactive-430x430.png 430w, https:\/\/lineup-solutions.fr\/wp-content\/uploads\/2025\/10\/Borne-interactive-700x700.png 700w\" sizes=\"(max-width: 884px) 100vw, 884px\" \/>\t\t\t\t\t<\/div>\n\n\t\t\t\t\t\t<\/div>\n\t\t\t\t<\/div>\n\t\t\t\t<\/div>\n\t\t<div class=\"elementor-element elementor-element-d5894a0 e-con-full e-flex e-con e-child\" data-id=\"d5894a0\" data-element_type=\"container\">\n\t\t\t\t<div class=\"elementor-element elementor-element-59ba87e elementor-widget__width-initial wd-width-100 elementor-widget elementor-widget-wd_title\" data-id=\"59ba87e\" data-element_type=\"widget\" data-widget_type=\"wd_title.default\">\n\t\t\t\t<div class=\"elementor-widget-container\">\n\t\t\t\t\t\t\t<div class=\"title-wrapper set-mb-s reset-last-child wd-title-color-primary wd-title-style-default wd-title-size-large text-left\">\n\n\t\t\t\n\t\t\t<div class=\"liner-continer\">\n\t\t\t\t<h4 class=\"woodmart-title-container title wd-fontsize-xxl\">Simplifiez vos commandes, dynamisez votre service<\/h4> \n\t\t\t\t\t\t\t<\/div>\n\n\t\t\t\t\t<\/div>\n\t\t\t\t\t\t<\/div>\n\t\t\t\t<\/div>\n\t\t\t\t<div class=\"elementor-element elementor-element-0c0ee30 elementor-widget elementor-widget-wd_text_block\" data-id=\"0c0ee30\" data-element_type=\"widget\" data-widget_type=\"wd_text_block.default\">\n\t\t\t\t<div class=\"elementor-widget-container\">\n\t\t\t\t\t\t\t<div class=\"wd-text-block reset-last-child text-left\">\n\t\t\t\n\t\t\t<p data-start=\"90\" data-end=\"480\"><span style=\"color: #000000;\">Chez <strong data-start=\"95\" data-end=\"111\">Lineup solutions<\/strong>, nous vous proposons des <strong data-start=\"137\" data-end=\"172\">bornes interactives de commande<\/strong> modernes et intuitives, con\u00e7ues pour offrir une exp\u00e9rience fluide \u00e0 vos clients et optimiser la gestion de vos commandes. Alliant design \u00e9l\u00e9gant, performance et facilit\u00e9 d\u2019utilisation, nos bornes s\u2019int\u00e8grent parfaitement \u00e0 tous les environnements : restaurants, caf\u00e9s, fast-foods, h\u00f4tels ou points de vente.<\/span><\/p><p><span style=\"color: #000000;\">Dictumst per ante cras suscipit nascetur ullamcorper in nullam fermentum condimentum torquent iaculis reden posuere potenti viverra condimentum dictumst id tellus suspendisse<\/span><\/p>\n\t\t\t\t\t<\/div>\n\t\t\t\t\t\t<\/div>\n\t\t\t\t<\/div>\n\t\t\t\t<\/div>\n\t\t\t\t\t<\/div>\n\t\t\t\t<\/div>\n\t\t<div class=\"elementor-element elementor-element-d4bc417 wd-section-stretch e-flex e-con-boxed e-con e-parent\" data-id=\"d4bc417\" data-element_type=\"container\" data-settings=\"{&quot;background_background&quot;:&quot;classic&quot;}\">\n\t\t\t\t\t<div class=\"e-con-inner\">\n\t\t\t\t<div class=\"elementor-element elementor-element-0fd0c46 elementor-widget__width-initial elementor-widget-tablet__width-inherit wd-width-100 elementor-widget elementor-widget-wd_title\" data-id=\"0fd0c46\" data-element_type=\"widget\" data-widget_type=\"wd_title.default\">\n\t\t\t\t<div class=\"elementor-widget-container\">\n\t\t\t\t\t\t\t<div class=\"title-wrapper set-mb-s reset-last-child wd-title-color-primary wd-title-style-default wd-title-size-large text-left\">\n\n\t\t\t\n\t\t\t<div class=\"liner-continer\">\n\t\t\t\t<h4 class=\"woodmart-title-container title wd-fontsize-xxl\">Un outil moderne pour une exp\u00e9rience client fluide<\/h4> \n\t\t\t\t\t\t\t<\/div>\n\n\t\t\t\t\t<\/div>\n\t\t\t\t\t\t<\/div>\n\t\t\t\t<\/div>\n\t\t\t\t<div class=\"elementor-element elementor-element-67700f7 elementor-widget__width-initial elementor-widget elementor-widget-wd_infobox\" data-id=\"67700f7\" data-element_type=\"widget\" data-widget_type=\"wd_infobox.default\">\n\t\t\t\t<div class=\"elementor-widget-container\">\n\t\t\t\t\t\t\t<div class=\"info-box-wrapper\">\n\t\t\t<div class=\"wd-info-box text-left box-icon-align-top box-style-base color-scheme-\">\n\t\t\t\t\n\t\t\t\t<div class=\"info-box-content\">\n\t\t\t\t\t\n\t\t\t\t\t\n\t\t\t\t\t<div class=\"info-box-inner set-cont-mb-s reset-last-child\"data-elementor-setting-key=\"content\"><p data-start=\"542\" data-end=\"817\"><span style=\"color: #000000;\">Nos bornes de commande permettent \u00e0 vos clients de <strong data-start=\"593\" data-end=\"625\">commander en toute autonomie<\/strong>, r\u00e9duisant les files d\u2019attente et am\u00e9liorant la satisfaction. Gr\u00e2ce \u00e0 une interface claire et personnalis\u00e9e selon votre charte graphique, elles offrent un parcours simple, rapide et agr\u00e9able.<\/span><\/p>\n<p data-start=\"819\" data-end=\"839\">\u00a0<\/p>\n<\/div>\n\n\t\t\t\t\t\t\t\t\t<\/div>\n\n\t\t\t\t\t\t\t<\/div>\n\t\t<\/div>\n\t\t\t\t\t\t<\/div>\n\t\t\t\t<\/div>\n\t\t\t\t<div class=\"elementor-element elementor-element-12b36ef elementor-widget__width-initial elementor-widget elementor-widget-wd_infobox\" data-id=\"12b36ef\" data-element_type=\"widget\" data-widget_type=\"wd_infobox.default\">\n\t\t\t\t<div class=\"elementor-widget-container\">\n\t\t\t\t\t\t\t<div class=\"info-box-wrapper\">\n\t\t\t<div class=\"wd-info-box text-left box-icon-align-top box-style-base color-scheme-\">\n\t\t\t\t\n\t\t\t\t<div class=\"info-box-content\">\n\t\t\t\t\t\n\t\t\t\t\t\t\t\t\t\t\t<h4\t\t\t\t\t\tclass=\"info-box-title title box-title-style-default wd-fontsize-m\" data-elementor-setting-key=\"title\">\n\t\t\t\t\t\t\t\tAvantages cl\u00e9s \t\t\t\t\t\t<\/h4>\n\t\t\t\t\t\n\t\t\t\t\t<div class=\"info-box-inner set-cont-mb-s reset-last-child\"data-elementor-setting-key=\"content\"><ul>\n<li data-start=\"840\" data-end=\"899\">\n<p data-start=\"842\" data-end=\"899\"><span style=\"color: #000000;\">R\u00e9duction du temps d\u2019attente et des erreurs de commande<\/span><\/p>\n<\/li>\n<li data-start=\"900\" data-end=\"936\">\n<p data-start=\"902\" data-end=\"936\"><span style=\"color: #000000;\">Meilleure gestion du flux client<\/span><\/p>\n<\/li>\n<li data-start=\"937\" data-end=\"969\">\n<p data-start=\"939\" data-end=\"969\"><span style=\"color: #000000;\">Augmentation du panier moyen<\/span><\/p>\n<\/li>\n<li data-start=\"970\" data-end=\"1014\">\n<p data-start=\"972\" data-end=\"1014\"><span style=\"color: #000000;\">Exp\u00e9rience client moderne et interactive<\/span><\/p>\n<\/li>\n<\/ul>\n<\/div>\n\n\t\t\t\t\t\t\t\t\t<\/div>\n\n\t\t\t\t\t\t\t<\/div>\n\t\t<\/div>\n\t\t\t\t\t\t<\/div>\n\t\t\t\t<\/div>\n\t\t\t\t\t<\/div>\n\t\t\t\t<\/div>\n\t\t<div class=\"elementor-element elementor-element-2a226eb e-flex e-con-boxed e-con e-parent\" data-id=\"2a226eb\" data-element_type=\"container\">\n\t\t\t\t\t<div class=\"e-con-inner\">\n\t\t<div class=\"elementor-element elementor-element-f8e21f5 e-con-full e-flex e-con e-child\" data-id=\"f8e21f5\" data-element_type=\"container\">\n\t\t\t\t<div class=\"elementor-element elementor-element-9d6598a elementor-widget__width-initial wd-width-100 elementor-widget elementor-widget-wd_title\" data-id=\"9d6598a\" data-element_type=\"widget\" data-widget_type=\"wd_title.default\">\n\t\t\t\t<div class=\"elementor-widget-container\">\n\t\t\t\t\t\t\t<div class=\"title-wrapper set-mb-s reset-last-child wd-title-color-primary wd-title-style-default wd-title-size-large text-left\">\n\n\t\t\t\n\t\t\t<div class=\"liner-continer\">\n\t\t\t\t<h4 class=\"woodmart-title-container title wd-fontsize-xxl\">Une int\u00e9gration sur mesure \u00e0 votre image<\/h4> \n\t\t\t\t\t\t\t<\/div>\n\n\t\t\t\t\t<\/div>\n\t\t\t\t\t\t<\/div>\n\t\t\t\t<\/div>\n\t\t\t\t<div class=\"elementor-element elementor-element-ff09673 elementor-widget elementor-widget-wd_text_block\" data-id=\"ff09673\" data-element_type=\"widget\" data-widget_type=\"wd_text_block.default\">\n\t\t\t\t<div class=\"elementor-widget-container\">\n\t\t\t\t\t\t\t<div class=\"wd-text-block reset-last-child text-left\">\n\t\t\t\n\t\t\t<p data-start=\"90\" data-end=\"480\"><span style=\"color: #000000;\">Chaque entreprise est unique, c\u2019est pourquoi nous adaptons chaque borne \u00e0 votre identit\u00e9 visuelle et \u00e0 vos besoins fonctionnels.<\/span><br data-start=\"1729\" data-end=\"1732\" \/><span style=\"color: #000000;\">Que vous soyez un restaurant souhaitant fluidifier ses commandes ou une enseigne voulant moderniser son exp\u00e9rience client, <strong data-start=\"1855\" data-end=\"1871\">Lineup solutions<\/strong>\u00a0con\u00e7oit une solution sur mesure, performante et esth\u00e9tique.<\/span><\/p>\n\t\t\t\t\t<\/div>\n\t\t\t\t\t\t<\/div>\n\t\t\t\t<\/div>\n\t\t\t\t<\/div>\n\t\t<div class=\"elementor-element elementor-element-65cb324 e-con-full e-flex e-con e-child\" data-id=\"65cb324\" data-element_type=\"container\">\n\t\t\t\t<div class=\"elementor-element elementor-element-31b710f elementor-widget elementor-widget-wd_image_or_svg\" data-id=\"31b710f\" data-element_type=\"widget\" data-widget_type=\"wd_image_or_svg.default\">\n\t\t\t\t<div class=\"elementor-widget-container\">\n\t\t\t\t\t\n\t\t<div class=\"wd-image text-left\">\n\t\t\t\t\t\t\t\t<img decoding=\"async\" width=\"1280\" height=\"720\" src=\"https:\/\/lineup-solutions.fr\/wp-content\/uploads\/2025\/10\/Borne-interactive-fast-food.jpg\" class=\"attachment-full size-full\" alt=\"\" srcset=\"https:\/\/lineup-solutions.fr\/wp-content\/uploads\/2025\/10\/Borne-interactive-fast-food.jpg 1280w, https:\/\/lineup-solutions.fr\/wp-content\/uploads\/2025\/10\/Borne-interactive-fast-food-400x225.jpg 400w, https:\/\/lineup-solutions.fr\/wp-content\/uploads\/2025\/10\/Borne-interactive-fast-food-768x432.jpg 768w, https:\/\/lineup-solutions.fr\/wp-content\/uploads\/2025\/10\/Borne-interactive-fast-food-860x484.jpg 860w, https:\/\/lineup-solutions.fr\/wp-content\/uploads\/2025\/10\/Borne-interactive-fast-food-430x242.jpg 430w, https:\/\/lineup-solutions.fr\/wp-content\/uploads\/2025\/10\/Borne-interactive-fast-food-700x394.jpg 700w, https:\/\/lineup-solutions.fr\/wp-content\/uploads\/2025\/10\/Borne-interactive-fast-food-150x84.jpg 150w\" sizes=\"(max-width: 1280px) 100vw, 1280px\" \/>\t\t\t\t\t<\/div>\n\n\t\t\t\t\t\t<\/div>\n\t\t\t\t<\/div>\n\t\t\t\t<\/div>\n\t\t\t\t\t<\/div>\n\t\t\t\t<\/div>\n\t\t\t\t<\/div>\n\t\t","protected":false},"excerpt":{"rendered":"<p>Bornes interactives de commande Bornes tactiles destin\u00e9es \u00e0 la restauration rapide : optimisez la prise de commande ! Simplifiez vos<\/p>\n","protected":false},"author":1,"featured_media":0,"parent":0,"menu_order":0,"comment_status":"closed","ping_status":"closed","template":"elementor_header_footer","meta":{"footnotes":""},"class_list":["post-15942","page","type-page","status-publish","hentry"],"_links":{"self":[{"href":"https:\/\/lineup-solutions.fr\/index.php\/wp-json\/wp\/v2\/pages\/15942","targetHints":{"allow":["GET"]}}],"collection":[{"href":"https:\/\/lineup-solutions.fr\/index.php\/wp-json\/wp\/v2\/pages"}],"about":[{"href":"https:\/\/lineup-solutions.fr\/index.php\/wp-json\/wp\/v2\/types\/page"}],"author":[{"embeddable":true,"href":"https:\/\/lineup-solutions.fr\/index.php\/wp-json\/wp\/v2\/users\/1"}],"replies":[{"embeddable":true,"href":"https:\/\/lineup-solutions.fr\/index.php\/wp-json\/wp\/v2\/comments?post=15942"}],"version-history":[{"count":43,"href":"https:\/\/lineup-solutions.fr\/index.php\/wp-json\/wp\/v2\/pages\/15942\/revisions"}],"predecessor-version":[{"id":15990,"href":"https:\/\/lineup-solutions.fr\/index.php\/wp-json\/wp\/v2\/pages\/15942\/revisions\/15990"}],"wp:attachment":[{"href":"https:\/\/lineup-solutions.fr\/index.php\/wp-json\/wp\/v2\/media?parent=15942"}],"curies":[{"name":"wp","href":"https:\/\/api.w.org\/{rel}","templated":true}]}}